are the prime factors of r(h)?
2, 5
Let o = 1515 + -474. List the prime factors of o.
3, 347
Suppose -6*n = -9784 + 628. List the prime factors of n.
2, 7, 109
Let z be 2*(-3 - -1) + 8. Suppose p + z*p + 5*d = 55, -3*p = d - 31. Suppose p = -2*b + 56. What are the prime factors of b?
23
Suppose -3 = 10*a - 11*a. Suppose -a*j = 5*f + 2*j - 700, 2*f - 282 = -4*j. What are the prime factors of f?
139
Let x = 8 - 11. Let a(s) = -3*s + 0*s + 2 + 0*s - s. List the prime factors of a(x).
2, 7
Suppose 6 = 2*k + k. Suppose k*g = d + 2, d + g = -0*d + 4. Suppose -d*z + 3*z - 28 = -q, 2*z + 8 = 0. List the prime factors of q.
2
Let m = 17 - 11. Suppose m*l - 5*l + 10 = 0. Let c = 30 + l. List the prime factors of c.
2, 5
Let b(c) = c**2 - 35*c - 172. List the prime factors of b(42).
2, 61
Suppose -2*g - g - 3 = 3*h, 3*g + 4*h + 4 = 0. Suppose 2*s - 4*s + 10 = g. Suppose 4*t = 3*z + 161, -t - 151 = -5*t + s*z. List the prime factors of t.
2, 11
Let d(l) = l**2 + 10*l - 12. Let v be d(-11). Let t(u) = -58*u**3 + 0*u**2 - u + 7*u**3 - 1 - u**2 + 0. List the prime factors of t(v).
2, 5
Suppose -34*y = -512 - 168. What are the prime factors of y?
2, 5
Let t(k) = 123*k**2 - k. Let w(z) = 2*z**2 + 10*z - 11. Let g be w(-6). What are the prime factors of t(g)?
2, 61
Suppose 13 = 2*n + 5*v, -2*n = v + 2*v - 11. Let u(y) = y**3 - y**2 + 5*y - 8. What are the prime factors of u(n)?
2, 3, 5
Suppose -4*a + 80 = 4*l, -2*l = -5*a - 5*l + 90. Let k be ((-4)/5)/(a/(-225)). Suppose -53 = -f - 4*z, -f - 5*z + 36 + k = 0. What are the prime factors of f?
73
Let t = 2682 - 1640. List the prime factors of t.
2, 521
Let r(x) = -x**3 + x**2 + 6*x + 3. Let m be r(3). Suppose 0 = 2*y + 3*i - 189, m*y + 3*i = -2*y + 468. List the prime factors of y.
3, 31
Let z(d) = 3*d**2 - 2*d. Let u be z(3). List the prime factors of (153/4)/((-7)/((-392)/u)).
2, 3, 17
Suppose 0*y - 8*y = -576. Suppose 4*q = 5*d + y, -5*q + 5*d - 24 + 119 = 0. What are the prime factors of q?
23
Let i(u) be the first derivative of -u**3/3 + 7*u**2/2 + 9*u - 2. Let t(l) = 6*l + 8. Let y(a) = -5*i(a) + 6*t(a). What are the prime factors of y(2)?
5
Let u(v) = -2 - 2 - 5*v + 11*v**2 + 3 - 43*v**2. Let x(k) = 8*k**2 + k. Let a(b) = 2*u(b) + 9*x(b). List the prime factors of a(2).
2, 7
Suppose 2 - 12 = -5*o. Suppose -4*a + 0*a = y - 45, -23 = -o*a - y. Let d(j) = -j**2 + 13*j + 3. What are the prime factors of d(a)?
5
Suppose 3*g + 5*y - 20 = -3, -2*g - 3*y = -11. Suppose -d + 3*d - 112 = -2*t, 0 = 5*t + 3*d - 274. Let k = t - g. What are the prime factors of k?
7
Let c(v) = -9*v + 10. Let b be c(2). Let l(h) = 5*h + 69. List the prime factors of l(b).
29
List the prime factors of 1413*(-29)/(-116)*2*2.
3, 157
Let o(g) = -11*g - 12. Let d be o(-6). Suppose 0 = -0*i + 2*i + d. Let k = i + 32. What are the prime factors of k?
5
Suppose 2*h + 8*y = 3*y + 24, -3*y = 2*h - 20. Suppose -223 = -h*v + 211. List the prime factors of v.
2, 31
Let d(g) = 3 + 0 - 1 - g. Let v be d(7). List the prime factors of (-4)/2 + v + 15.
2
Let a = -57 + 133. Suppose z - a = -z. What are the prime factors of z?
2, 19
Let j be 4/6*(-2 + -4). Let o = j + 30. Suppose 67 = 3*q - 3*h - o, 2*q - 67 = 3*h. List the prime factors of q.
2, 13
Suppose 5*f + 2*d - 575 = 0, 4*f - 37 = 5*d + 456. What are the prime factors of f?
3, 13
Suppose 3*s + 5*r - 580 = -2*s, -4*s + 2*r + 470 = 0. Suppose 3*n - 32 + 23 = 0. Suppose -n*o - 3*z = -s, -5*z - 165 = -o - 3*o. List the prime factors of o.
2, 5
Let s(z) = -z**3 - 7*z**2 - 6*z + 4. Let l be s(-6). Suppose 35 = l*h - 3*h. List the prime factors of h.
5, 7
Let j be ((-36)/30)/(2/5). List the prime factors of (-5)/(-30)*j + 302/4.
3, 5
Let f(k) = 12*k**2 - 12*k - 4. Let w be f(-12). List the prime factors of (-10)/(-45) - 5/((-90)/w).
2, 13
Suppose -2*v + 4 = -2, 4839 = f - 4*v. List the prime factors of f.
3, 7, 11
Let l = -61 + 167. Let u = 176 - l. List the prime factors of u.
2, 5, 7
Suppose 5*c - u = 1116, u + 441 = 2*c + 6*u. List the prime factors of c.
223
Let w(p) = 5*p**2 + 2*p - 4. Let u(q) = -4*q**2 - 3*q + 4. Let i(d) = -6*u(d) - 5*w(d). Let n be i(10). Let c = n - -32. What are the prime factors of c?
2
Suppose 9 = 2*h + 3. Suppose 294 + 78 = h*b. What are the prime factors of b?
2, 31
Let k = -16 + 192. Suppose -3*c + k = -b, -4*b - 2 = 18. What are the prime factors of c?
3, 19
Let p(u) = -u**3 + 8*u**2 - 7*u - 1. Let o be p(7). Let n be o*(-7 - (1 - 1)). What are the prime factors of 2/n + (-748)/(-28)?
3
Let z = 11917 - 6901. What are the prime factors of z?
2, 3, 11, 19
Let c = 14 + -4. Let v = 12 - c. Suppose -3*b = -v*b - 31. What are the prime factors of b?
31
What are the prime factors of ((-12876)/(-185))/((-6)/(-20))?
2, 29
Let r(m) = m**3 + 7*m**2 + 8*m + 15. Let u be r(-6). Suppose -3*f + q + 3*q = -187, u*f = -2*q + 217. What are the prime factors of f?
3, 23
Suppose -4*o = 3*k + o - 37, -o = 3*k - 17. What are the prime factors of k/24*-4*-285?
2, 5, 19
Suppose -k + 0 - 5 = 0, -3*x + 4*k = -1550. What are the prime factors of x?
2, 3, 5, 17
Suppose -d = 5*w - 2*d - 33, 3*w + 4*d - 29 = 0. Let k = w + -5. Suppose 2*j = -k*t + 66, 5*t + 165 = 3*j + 2*j. List the prime factors of j.
3, 11
Let x be (-7)/(-28)*(-3 - -3). Suppose x = 16*y - 18*y + 288. List the prime factors of y.
2, 3
Suppose -3 = -r + 13. Suppose -2*y + 0*y + r = 0. Let v(b) = b**2 - 8*b + 2. List the prime factors of v(y).
2
Let a = 56 + -56. Suppose -2*q + 330 = 2*h + 82, a = -5*h + 4*q + 602. What are the prime factors of h?
2, 61
Let c(u) = 37*u. Let k be c(-1). Suppose -25*v - 272 = -21*v. Let h = k - v. List the prime factors of h.
31
Let y be 4 + (-3)/(-12) + (-1)/4. Suppose -y*j + 258 = -66. List the prime factors of j.
3
Suppose -616 = 8*t - 1672. What are the prime factors of t?
2, 3, 11
Suppose 2*o + b + 0*b = 125, 3*o - 184 = -5*b. Let h = 44 + o. List the prime factors of h.
107
Suppose -2*n + n - 3 = -5*y, -2*y - 4 = -3*n. Suppose 2*i - 316 = -n*i. What are the prime factors of i?
79
Let x = -123 + 121. List the prime factors of ((-576)/(-168))/(x/(-28)).
2, 3
Suppose -8*g + 9*g = 0. Suppose -3*u + 8*u = -2*x + 106, g = x - u - 60. List the prime factors of x.
2, 29
Suppose -14*v - 54 = -20*v. Suppose v*s - 7*s + 5*z - 606 = 0, -s - 3*z = -303. What are the prime factors of s?
3, 101
Let v = -65 + 110. Let j be 22/(0 + (-6)/(-27)). Suppose -3*c = -3*t + j, -5*c = 4*t - 2*t - v. List the prime factors of t.
2, 3, 5
Let c be (-1)/((-102)/20 + 5). Suppose 0 = 3*a - 11 - c. List the prime factors of a.
7
Suppose -2*w + 3*w - 3 = 0. List the prime factors of (15/w - -185) + 1 + -4.
11, 17
Suppose -2*m + 8*m - 102 = 0. Suppose 3*b - 4*c - m = 0, 0*b - 20 = -4*b + 4*c. Suppose q = b*q - 2, -q + 40 = h. What are the prime factors of h?
3, 13
Suppose 39 = 3*p - 411. List the prime factors of p - 9/(9/2).
2, 37
Suppose 2*h + 128 = -2*d + 2436, 2*h = -6. What are the prime factors of d?
13, 89
Suppose 5*q + 2585 = 3*d + 2*d, -q - 1034 = -2*d. List the prime factors of d.
11, 47
Let o be 24*3*1/6. Suppose -9*k + 11*k = -o. List the prime factors of (-12)/k*45/2.
3, 5
Suppose 4*q = -3*q + 35. What are the prime factors of (-16)/(-2)*1*q?
2, 5
Let a = 5 + 5. Suppose a*i = 15*i - 460. What are the prime factors of i?
2, 23
Let k be ((-18)/(-3))/(-3)*1/2. Let m(z) = -115*z. What are the prime factors of m(k)?
5, 23
Let s = -208 + 1239. What are the prime factors of s?
1031
Let a(w) = 3*w**2 - w - 1. Let y be a(-1). Suppose -222 = 3*v - y*z, 2*v - 3*z = -5*z - 168. Let g = -44 - v. What are the prime factors of g?
5, 7
What are the prime factors of (-2 - 0)*(-69211)/134?
1033
Let m(v) = -v**3 + 2*v**2 + 4*v + 2. Let b be m(-3). Let t(o) = -3*o - 21. Let r be t(-9). Let c = b + r. List the prime factors of c.
41
Let v(w) = 3*w + 17. Let t be v(-5). Suppose -t*c = -d + 19, -d + c + 6 = -14. Let k = d - -31. What are the prime factors of k?
2, 13
Suppose -2*d - 6 = d. List the prime factors of (6 + d)/(-1*(-3)/132).
2, 11
Suppose 8 - 93 = -5*s. Suppose -4*g = -5*r - 12 - s, -3*g + 20 = -2*r. List the prime factors of (g*-9)/((-15)/10).
2, 3
List the prime factors of 3402/210*415/3.
3, 83
Let z = 78 + -44. Let o = 151 - z. What are the prime factors of o?
3, 13
Let o = 11075 - 6421. What are the prime factors of o?
2,